0
Suppose -5*d = -5*i + 25, 16 = 5*i - 3*d - 13. Suppose n + 4 = i. Let t(f) = -4*f**2 + f**n + 3*f - 4 + f + 0*f**3. Calculate t(3).
-1
Let t = -5 - -7. Let y(p) = -5*p + 6. Let z be y(0). Suppose -t*k - z = -0*k. Let s(f) = f - 1. Determine s(k).
-4
Suppose q - 14 = 4*r, -5*r + 0*r - 16 = -2*q. Let m(l) be the second derivative of -1/2*l**2 - 5/12*l**4 - 1/2*l**3 - 1/20*l**5 - l + 0. What is m(r)?
-5
Let p(s) = -3 - 8*s**2 + 2 - s**2 + 10*s**2. Give p(3).
8
Let r(t) be the first derivative of t**4/4 + t**3/3 - 2*t**2 + t - 24. Give r(-3).
-5
Suppose 0*m - 14 = -2*m. Let b(o) = o + 1. Calculate b(m).
8
Let r(a) = 5*a + 9. Let u(q) = 3*q + 5. Let w(p) = 6*r(p) - 11*u(p). Give w(-3).
8
Let o(l) = l**2 - 7*l + 6. Let g be o(7). Let r(f) = f - 8. Determine r(g).
-2
Let h(n) = -n**3 - 3*n**2 + 3*n. Let b(y) be the first derivative of -4*y - 1 + 1/2*y**2. Let i be b(0). What is h(i)?
4
Let y(q) be the third derivative of -q**4/24 - q**3/6 + 22*q**2. Give y(-4).
3
Let u = -35 - -36. Let r(n) be the third derivative of -n**6/30 + n**5/60 + n**4/24 - n**3/6 + 2*n**2. Determine r(u).
-3
Let r be ((-6)/(-4))/(3/6). Let h(q) be the third derivative of q**4/12 + q**3/3 + q**2. Determine h(r).
8
Let s(z) = z**3 + z**2 - 3*z + 1. Let m be s(2). Let h(a) = -3*a - 5 + 4 + m - a. Calculate h(4).
-10
Let r(a) = -a**2 - 4*a + 8. Let i(z) = -3*z**2 + 6. Let w be i(-2). Determine r(w).
-4
Let b(l) = -9*l**3 + 10*l**2 - 2*l + 3. Let y(f) = 5*f**3 - 5*f**2 + f - 2. Let m(x) = -6*b(x) - 11*y(x). Determine m(-5).
-1
Let i(j) = j**2 + j - 3. Let f(u) = 2*u**2 + u - 6. Let g(n) = -2*f(n) + 5*i(n). Determine g(-4).
1
Let q(j) = j**2 + 2*j - 2. Let m(o) = o**2 - 3*o - 22. Let l be m(-3). Give q(l).
6
Suppose -f + 21 = 2*f. Let u(x) = -8*x**2 - 6*x + 3. Let p(s) = 7*s**2 + 5*s - 3. Let t(b) = f*p(b) + 6*u(b). Determine t(3).
3
Let n(o) = o - 1. Let g(v) = 6*v + 4. Let c(j) = -g(j) + 5*n(j). What is c(-7)?
-2
Let w(v) = -4*v + 0*v + 3*v + 5 + 0*v. What is w(7)?
-2
Suppose -3 = 3*s - 6*s + 3*x, s + 5*x + 23 = 0. Let t(n) = -3 - 4*n**2 - 3*n**3 + n**3 - n + n**3. What is t(s)?
-9
Let x(q) be the first derivative of -q**2/2 - 4*q + 10. Determine x(5).
-9
Suppose t - b = 6, 4*b = -t + 4*t - 22. Let c(q) = 5*q + q**t + 5*q - 11*q. What is c(3)?
6
Let q(j) be the first derivative of -j**3/3 - j**2/2 - j + 5. What is q(0)?
-1
Suppose -5 = -c - 2. Let h(y) = 2*y - 2*y**c + y**2 + 3*y**3 + 3*y**2 - 4 + 3. Determine h(-3).
2
Let z(p) = -p**2 - 7*p + 3. Suppose t + 2*t + 18 = 0. Determine z(t).
9
Let k(w) = -w**3 - 5*w**2 + 7*w - 1. Let j be k(-6). Let x be (-1 - (j + 3))*-1. Let y(d) = d - 3. Give y(x).
-6
Let x(r) = 3 - 1 - 5 - 3*r. Let o be -1 + (-1)/((-2)/(-4)). Let f = o - 0. Determine x(f).
6
Let r = 10 - 6. Let j(v) = v + 1. Let k(m) = 2*m + 1. Let p(t) = r*j(t) - 4*k(t). Let z = 2 - 1. Determine p(z).
-4
Let g(x) = -11*x**3 - 15*x**2 - 11*x + 13. Let u be 7/(-2) - 5/10. Let z(s) = 5*s**3 + 7*s**2 + 5*s - 6. Let f(d) = u*g(d) - 9*z(d). Give f(-3).
5
Let t(d) = 3*d**3 + 2*d**2 - 5*d + 5. Let r(x) = -4*x**3 - x**2 + 6*x - 5. Let n be 32/(-6) - 2/(-6). Let w = -9 - n. Let y(q) = w*r(q) - 5*t(q). Give y(6).
1
Let x(y) = -y**2 + 2*y. Let a(s) = 4*s**2 + 4*s - 1. Let j(g) = a(g) + 3*x(g). What is j(-10)?
-1
Let j(a) = -39 + 19 + 9 + 0*a + a. Let x(n) = n**2 - 3 - n + 3. Let k be x(-2). Calculate j(k).
-5
Let o(l) be the third derivative of -7*l**2 - 1/20*l**5 + 1/120*l**6 - 5/24*l**4 + 0 + 0*l + 1/6*l**3. Give o(4).
-3
Let a(s) = -s**3 + 2*s**2 + 4*s - 2. Let v be 2 - 1/(1/(-1)). Calculate a(v).
1
Let w(z) be the second derivative of 1/12*z**4 - z**2 - 1/6*z**3 + 0 + 7*z. Give w(-3).
10
Suppose -12*g + 8 = -4*g. Let v(b) = 5*b**3 - 1. Determine v(g).
4
Let w(z) = z**3 + 4*z**2 - 5*z + 2. Let q be w(-5). Let l(t) = 3*t**2. Give l(q).
12
Let h(q) = -2*q + 2. Let z be (-3)/5 + 7/(-5). What is h(z)?
6
Suppose 4*s = 29 - 1. Let j(f) = -f + 7. Determine j(s).
0
Let y(a) = 3*a**3 + 7*a**2 - a - 11. Let v = -21 - -15. Let l = v - -4. Let i(x) = x**3 + 3*x**2 - 5. Let f(d) = l*y(d) + 5*i(d). Give f(2).
-3
Let r(q) = -7*q**3 + 2*q**2 - 8*q + 7. Let k(u) = u**3 + u - 1. Let c(g) = 4*k(g) + r(g). What is c(2)?
-21
Let v(w) = 0*w**3 - w**2 - w**3 - 3 - w + 4. Let a(b) be the first derivative of -b**4/4 - 7*b**3/3 + b**2/2 + 5*b + 10. Let n(x) = a(x) - 2*v(x). What is n(3)?
-6
Let k be (-77)/(-21) - 2/3. Suppose 0 = -4*x + k + 17. Let s(f) be the third derivative of -f**4/24 - f**3/3 - f**2. Determine s(x).
-7
Suppose 4*r - 5*n = -3 - 26, n = -3*r - 17. Let b(q) = -q - 5. Let w(z) = 3*z + 16. Let i(f) = 21*b(f) + 6*w(f). Give i(r).
9
Let z(m) be the third derivative of m**6/120 - m**5/15 - m**4/8 - 2*m**3/3 + 12*m**2 + 3*m. Let u be 2/(-4) - 22/(-4). Calculate z(u).
6
Let l be ((-4)/6)/(6/(-9)). Let x(v) = 2*v + 568*v**2 - 3*v + 1 - 577*v**2. Determine x(l).
-9
Suppose 6 = -p - p. Let o(t) = -6827 + 3*t + 0*t + 3412 + 3413. Determine o(p).
-11
Let k = 2 - -2. Let n(w) = -w**3 + 0 + k*w**3 + 1 - 2*w**2. Let g be n(-1). Let a(o) = -o**3 - 3*o**2 + 3*o + 1. Calculate a(g).
5
Let c(w) = w**2 - w - 1. Let g(a) = 6*a**2 - a - 4. Let y(u) = -5*c(u) + g(u). Let s = -7 + 11. Suppose 5*f + 20 + 6 = -4*j, s*j + 18 = -f. Determine y(j).
1
Let j(u) = -u - 2. Let k(v) = 2*v + 4. Let s(d) = 5*j(d) + 2*k(d). Let m(t) = -2*t. Let f be m(-2). Calculate s(f).
-6
Let q = -4 + 6. Let c(g) = 1 + q - 5*g**2 - 2 + 0 - 2*g. Calculate c(1).
-6
Suppose -3*k + 9*k = 48. Let o(c) = -c + 3. Calculate o(k).
-5
Let g(v) = -v**3 + 7*v**2 + 2*v - 9. Suppose 6*a - 35 = a. Let d be g(a). Let q(y) = y**3 - 5*y**2 - 6. Give q(d).
-6
Let n = -40 - -76. Suppose -u = 2*u - n. Let x = 7 - u. Let l(w) = w**2 + 3*w - 5. What is l(x)?
5
Suppose -3*j = -6*j. Suppose 2*g = -j*g - 2. Let x(s) = -s + 11. Let f(r) = 4. Let h(p) = 8*f(p) - 3*x(p). Calculate h(g).
-4
Let w(g) be the first derivative of 5*g + 1 - 3/2*g**2. Determine w(5).
-10
Let r(s) = s + 1. Let m be r(5). Suppose -6 = -2*g + 2*j, -g - 4*j + 2 = -m. Let o(f) = f**3 - 4*f**2 + f - 1. Determine o(g).
3
Suppose -4*j - 18 = 5*v, 3*j + 5 - 2 = -2*v. Let o(w) = -2*w + 3. What is o(v)?
15
Let s = 1 - 0. Let f(v) be the first derivative of v**5/5 - v**4/6 + v**3/6 + v - 1. Let d(q) be the first derivative of f(q). Calculate d(s).
3
Let x = 20 - 20. Let m(p) = -2*p**2 + x*p**2 + 3*p**2 + 6 + 8*p. Give m(-4).
-10
Let u(q) = -7*q**3 + 9*q + 3. Let o(d) = d**3 - d. Let f(b) = 6*o(b) + u(b). Suppose 0 = 5*a + 2*g + 18, 4*g + 4 = 4*a + g. Calculate f(a).
5
Let z(r) = -7*r**3 - r**2 - 9*r - 4. Let n(o) = -2*o**3 - 2*o - 1. Let b(a) = 9*n(a) - 2*z(a). Suppose -l - 5*v - 2 = -23, -5*v + 20 = 0. Calculate b(l).
-3
Let c(b) be the first derivative of -2*b**3/3 + 2. Let z be (-3)/2*(-6)/9. Suppose z = 4*n + 3*y - 7, 6 = 3*n - 4*y. Determine c(n).
-8
Let m = 18 - 13. Suppose u + m = 6*u. Let g(x) = -u - 4*x + 0*x + 3*x - x. Give g(1).
-3
Let t(w) = -7*w - 23. Let f(i) = 11*i + 35. Let z(k) = -5*f(k) - 8*t(k). What is z(-4)?
5
Suppose 5*r - 19 = -y + 4*y, -5*r = -2*y - 21. Suppose 5*h + l = 10, -5*h + 6*l + 10 = y*l. Let v(q) = 7*q + 6 - q**2 - 3*q**h - 3 - q**3. Calculate v(-5).
-7
Let k(r) = -r**3 + 1. Let p be ((-16)/(-4))/(1 - 0). Suppose 11 = n - p*m, -5 = -n + m + 18. Suppose -2*c = c + 5*a - 22, n = -2*c + 5*a. Give k(c).
2
Let a = -3 - -3. Let v = -4 - a. Let d(u) = -u**3 - 5*u**2 - 5*u - 1. Give d(v).
3
Let j(c) = c**2 + 31*c + 35. Let r be j(-30). Let s(p) = -4*p**2 - 2 + 3*p**2 + p + 2*p + 2*p. Give s(r).
-2
Let q = -1/45 - -47/90. Let f(p) be the first derivative of -q*p**2 - 1/4*p**4 + 1 + 10*p - 1/3*p**3. Determine f(0).
10
Let q = -13 + 9. Let n(k) be the second derivative of k**3/6 - 7*k. What is n(q)?
-4
Let i be 1/(-2) + 70/20. Let f(m) = -3*m**2 + 5*m**3 + 1 - 3*m**2 - 4*m**3 + i*m**2 + 2*m. What is f(3)?
7
Let d(r) = r**3 - 5*r**2 + 5*r - 5. Let y be d(4). Let k(q) be the first derivative of 1/2*q**2 - 2 + q + 7/3*q**3. Calculate k(y).
7
Let j(b) = -b**2 + 6*b - 5. Suppose -4*i - 50 = 3*s - 17, -2*s + 24 = -5*i. Let l be 9/1 + 2 + i. What is j(l)?
0
Let u(l) = 4*l - 5. Let w be 32/(-14) + 4/14. Let g(s) = s - 1. Let v(d) = w*g(d) + u(d). Give v(5).
7
Let s(z) = 6*z**3 - 4*z**2 - z - 8. Let t(b) = b**3 + b - 1. Let a(c) = s(c) - 5*t(c). Let h = -2 + 2. Suppose h = 5*w - 10 - 15.